[INFO] cloning repository https://github.com/ackintosh/pbft
[INFO] running `Command { std: "git" "-c" "credential.helper=" "-c" "credential.helper=/workspace/cargo-home/bin/git-credential-null" "clone" "--bare" "https://github.com/ackintosh/pbft" "/workspace/cache/git-repos/https%3A%2F%2Fgithub.com%2Fackintosh%2Fpbft", kill_on_drop: false }`
[INFO] [stderr] Cloning into bare repository '/workspace/cache/git-repos/https%3A%2F%2Fgithub.com%2Fackintosh%2Fpbft'...
[INFO] running `Command { std: "git" "rev-parse" "HEAD", kill_on_drop: false }`
[INFO] [stdout] 709d5280cc8d820959a89995da1077702e5cdda1
[INFO] checking ackintosh/pbft against try#72f88fc4e9458f89516a0b8b0868f3718aec5b47 for pr-74989
[INFO] running `Command { std: "git" "clone" "/workspace/cache/git-repos/https%3A%2F%2Fgithub.com%2Fackintosh%2Fpbft" "/workspace/builds/worker-12/source", kill_on_drop: false }`
[INFO] [stderr] Cloning into '/workspace/builds/worker-12/source'...
[INFO] [stderr] done.
[INFO] validating manifest of git repo https://github.com/ackintosh/pbft on toolchain 72f88fc4e9458f89516a0b8b0868f3718aec5b47
[INFO] running `Command { std: "/workspace/cargo-home/bin/cargo" "+72f88fc4e9458f89516a0b8b0868f3718aec5b47" "read-manifest" "--manifest-path" "Cargo.toml", kill_on_drop: false }`
[INFO] started tweaking git repo https://github.com/ackintosh/pbft
[INFO] finished tweaking git repo https://github.com/ackintosh/pbft
[INFO] tweaked toml for git repo https://github.com/ackintosh/pbft written to /workspace/builds/worker-12/source/Cargo.toml
[INFO] crate git repo https://github.com/ackintosh/pbft already has a lockfile, it will not be regenerated
[INFO] running `Command { std: "/workspace/cargo-home/bin/cargo" "+72f88fc4e9458f89516a0b8b0868f3718aec5b47" "fetch" "--locked" "--manifest-path" "Cargo.toml", kill_on_drop: false }`
[INFO] [stderr]  Downloading crates ...
[INFO] [stderr]   Downloaded tokio-timer v0.2.12
[INFO] [stderr]   Downloaded crossbeam-utils v0.7.0
[INFO] [stderr]   Downloaded aes-ctr v0.3.0
[INFO] [stderr]   Downloaded aes-soft v0.3.3
[INFO] [stderr]   Downloaded dns-parser v0.8.0
[INFO] [stderr]   Downloaded rustc-hex v2.0.1
[INFO] [stderr]   Downloaded byteorder v0.5.3
[INFO] [stderr]   Downloaded arrayvec v0.5.1
[INFO] [stderr]   Downloaded tokio-dns-unofficial v0.4.0
[INFO] [stderr]   Downloaded cuckoofilter v0.3.2
[INFO] [stderr]   Downloaded crunchy v0.2.2
[INFO] [stderr]   Downloaded syn v0.15.44
[INFO] [stderr]   Downloaded snow v0.6.2
[INFO] [stderr]   Downloaded miniz_oxide v0.3.5
[INFO] [stderr]   Downloaded unicode-segmentation v1.6.0
[INFO] [stderr]   Downloaded rand_core v0.5.1
[INFO] [stderr]   Downloaded httparse v1.3.4
[INFO] [stderr]   Downloaded zeroize v1.1.0
[INFO] [stderr]   Downloaded hmac v0.7.1
[INFO] [stderr]   Downloaded synstructure v0.12.3
[INFO] [stderr]   Downloaded sct v0.6.0
[INFO] [stderr]   Downloaded base64 v0.10.1
[INFO] [stderr]   Downloaded nom v4.2.3
[INFO] [stderr]   Downloaded backtrace v0.3.40
[INFO] [stderr]   Downloaded wasm-bindgen-shared v0.2.55
[INFO] [stderr]   Downloaded tokio-rustls v0.10.2
[INFO] [stderr]   Downloaded wasm-timer v0.1.3
[INFO] [stderr]   Downloaded proc-macro2 v1.0.6
[INFO] [stderr]   Downloaded backtrace-sys v0.1.32
[INFO] [stderr]   Downloaded curve25519-dalek v2.0.0
[INFO] [stderr]   Downloaded flate2 v1.0.13
[INFO] [stderr]   Downloaded http v0.1.21
[INFO] [stderr]   Downloaded pkg-config v0.3.17
[INFO] [stderr]   Downloaded vcpkg v0.2.8
[INFO] [stderr]   Downloaded rand v0.7.2
[INFO] [stderr]   Downloaded ryu v1.0.2
[INFO] [stderr]   Downloaded adler32 v1.0.4
[INFO] [stderr]   Downloaded libp2p-deflate v0.5.0
[INFO] [stderr]   Downloaded libp2p-tcp v0.13.0
[INFO] [stderr]   Downloaded libp2p-mdns v0.13.1
[INFO] [stderr]   Downloaded libp2p-mplex v0.13.0
[INFO] [stderr]   Downloaded libp2p-ping v0.13.1
[INFO] [stderr]   Downloaded libp2p-plaintext v0.13.0
[INFO] [stderr]   Downloaded rustls v0.16.0
[INFO] [stderr]   Downloaded libp2p-core-derive v0.13.0
[INFO] [stderr]   Downloaded libp2p-dns v0.13.0
[INFO] [stderr]   Downloaded ring v0.16.9
[INFO] [stderr]   Downloaded libp2p-secio v0.13.0
[INFO] [stderr]   Downloaded libp2p-noise v0.11.0
[INFO] [stderr]   Downloaded ipnet v2.1.0
[INFO] [stderr]   Downloaded libp2p-kad v0.13.1
[INFO] [stderr]   Downloaded libp2p-swarm v0.3.0
[INFO] [stderr]   Downloaded libp2p-identify v0.13.1
[INFO] [stderr]   Downloaded asn1_der v0.6.3
[INFO] [stderr]   Downloaded rw-stream-sink v0.1.2
[INFO] [stderr]   Downloaded libp2p-yamux v0.13.0
[INFO] [stderr]   Downloaded libp2p-floodsub v0.13.0
[INFO] [stderr]   Downloaded parity-multiaddr v0.6.0
[INFO] [stderr]   Downloaded nohash-hasher v0.1.2
[INFO] [stderr]   Downloaded yamux v0.2.2
[INFO] [stderr]   Downloaded libp2p-websocket v0.13.0
[INFO] [stderr]   Downloaded soketto v0.2.3
[INFO] [stderr]   Downloaded webpki v0.21.0
[INFO] [stderr]   Downloaded libp2p v0.13.1
[INFO] [stderr]   Downloaded libp2p-core v0.13.1
[INFO] [stderr]   Downloaded multistream-select v0.6.1
[INFO] [stderr]   Downloaded parity-multihash v0.2.0
[INFO] [stderr]   Downloaded web-sys v0.3.32
[INFO] [stderr]   Downloaded sha3 v0.8.2
[INFO] [stderr]   Downloaded libsecp256k1 v0.3.2
[INFO] [stderr]   Downloaded webpki-roots v0.18.0
[INFO] [stderr]   Downloaded idna v0.2.0
[INFO] [stderr]   Downloaded libp2p-uds v0.13.0
[INFO] [stderr]   Downloaded libp2p-wasm-ext v0.6.0
[INFO] [stderr]   Downloaded asn1_der_derive v0.1.2
[INFO] [stderr]   Downloaded hmac-drbg v0.2.0
[INFO] [stderr]   Downloaded bs58 v0.3.0
[INFO] [stderr]   Downloaded keccak v0.1.0
[INFO] [stderr]   Downloaded sourcefile v0.1.4
[INFO] [stderr]   Downloaded unsigned-varint v0.2.3
[INFO] [stderr]   Downloaded protobuf v2.8.1
[INFO] [stderr]   Downloaded wasm-bindgen-backend v0.2.55
[INFO] [stderr]   Downloaded smallvec v1.0.0
[INFO] [stderr]   Downloaded sha2 v0.8.0
[INFO] [stderr]   Downloaded ppv-lite86 v0.2.6
[INFO] [stderr]   Downloaded spin v0.5.2
[INFO] [stderr]   Downloaded c2-chacha v0.2.3
[INFO] [stderr]   Downloaded rand_chacha v0.2.1
[INFO] [stderr]   Downloaded subtle v1.0.0
[INFO] [stderr]   Downloaded crypto-mac v0.7.0
[INFO] [stderr]   Downloaded rand_hc v0.2.0
[INFO] [stderr]   Downloaded percent-encoding v2.1.0
[INFO] [stderr]   Downloaded memoffset v0.5.3
[INFO] [stderr]   Downloaded tokio-threadpool v0.1.17
[INFO] [stderr]   Downloaded clear_on_drop v0.2.3
[INFO] [stderr]   Downloaded ed25519-dalek v1.0.0-pre.3
[INFO] [stderr]   Downloaded get_if_addrs-sys v0.1.1
[INFO] [stderr]   Downloaded failure_derive v0.1.6
[INFO] [stderr]   Downloaded failure v0.1.6
[INFO] [stderr]   Downloaded subtle v2.2.2
[INFO] [stderr]   Downloaded cc v1.0.48
[INFO] [stderr]   Downloaded untrusted v0.7.0
[INFO] [stderr]   Downloaded wasi v0.7.0
[INFO] [stderr]   Downloaded getrandom v0.1.13
[INFO] [stderr]   Downloaded arrayref v0.3.5
[INFO] [stderr]   Downloaded data-encoding v2.1.2
[INFO] [stderr]   Downloaded unicode-normalization v0.1.11
[INFO] [stderr]   Downloaded url v2.1.0
[INFO] [stderr]   Downloaded js-sys v0.3.32
[INFO] [stderr]   Downloaded static_assertions v1.1.0
[INFO] [stderr]   Downloaded blake2 v0.8.1
[INFO] [stderr]   Downloaded sha-1 v0.8.1
[INFO] [stderr]   Downloaded typenum v1.11.2
[INFO] [stderr]   Downloaded wasm-bindgen-macro v0.2.55
[INFO] [stderr]   Downloaded either v1.5.3
[INFO] [stderr]   Downloaded send_wrapper v0.2.0
[INFO] [stderr]   Downloaded weedle v0.10.0
[INFO] [stderr]   Downloaded uint v0.8.2
[INFO] [stderr]   Downloaded wasm-bindgen v0.2.55
[INFO] [stderr]   Downloaded x25519-dalek v0.5.2
[INFO] [stderr]   Downloaded curve25519-dalek v1.2.3
[INFO] [stderr]   Downloaded wasm-bindgen-macro-support v0.2.55
[INFO] [stderr]   Downloaded anyhow v1.0.25
[INFO] [stderr]   Downloaded serde v1.0.103
[INFO] [stderr]   Downloaded aesni v0.6.0
[INFO] [stderr]   Downloaded bumpalo v2.6.0
[INFO] [stderr]   Downloaded serde_derive v1.0.103
[INFO] [stderr]   Downloaded stream-cipher v0.3.2
[INFO] [stderr]   Downloaded ctr v0.3.2
[INFO] [stderr]   Downloaded block-cipher-trait v0.6.2
[INFO] [stderr]   Downloaded twofish v0.2.0
[INFO] [stderr]   Downloaded c_linked_list v1.1.1
[INFO] [stderr]   Downloaded get_if_addrs v0.5.3
[INFO] [stderr]   Downloaded parity-send-wrapper v0.1.0
[INFO] [stderr]   Downloaded wasm-bindgen-futures v0.3.27
[INFO] [stderr]   Downloaded wasm-bindgen-webidl v0.2.55
[INFO] [stderr]   Downloaded syn v1.0.11
[INFO] [stderr]   Downloaded serde_json v1.0.44
[INFO] [stderr]   Downloaded tokio-current-thread v0.1.6
[INFO] [stderr]   Downloaded tokio-fs v0.1.6
[INFO] [stderr]   Downloaded tokio-tcp v0.1.3
[INFO] [stderr]   Downloaded crossbeam-epoch v0.8.0
[INFO] [stderr]   Downloaded mio v0.6.21
[INFO] [stderr]   Downloaded tokio-io v0.1.12
[INFO] [stderr]   Downloaded crossbeam-deque v0.7.2
[INFO] [stderr]   Downloaded tokio-udp v0.1.5
[INFO] [stderr]   Downloaded hermit-abi v0.1.3
[INFO] [stderr]   Downloaded num_cpus v1.11.1
[INFO] [stderr]   Downloaded lock_api v0.3.2
[INFO] [stderr]   Downloaded tokio-executor v0.1.9
[INFO] [stderr]   Downloaded tokio-sync v0.1.7
[INFO] [stderr]   Downloaded tokio-reactor v0.1.11
[INFO] [stderr]   Downloaded tokio-uds v0.2.5
[INFO] [stderr]   Downloaded libc v0.2.66
[INFO] running `Command { std: "docker" "create" "-v" "/var/lib/crater-agent-workspace/builds/worker-12/target:/opt/rustwide/target:rw,Z" "-v" "/var/lib/crater-agent-workspace/builds/worker-12/source:/opt/rustwide/workdir:ro,Z" "-v" "/var/lib/crater-agent-workspace/cargo-home:/opt/rustwide/cargo-home:ro,Z" "-v" "/var/lib/crater-agent-workspace/rustup-home:/opt/rustwide/rustup-home:ro,Z" "-e" "SOURCE_DIR=/opt/rustwide/workdir" "-e" "CARGO_TARGET_DIR=/opt/rustwide/target" "-e" "CARGO_HOME=/opt/rustwide/cargo-home" "-e" "RUSTUP_HOME=/opt/rustwide/rustup-home" "-w" "/opt/rustwide/workdir" "-m" "1610612736" "--user" "0:0" "--network" "none" "rustops/crates-build-env@sha256:d92eaeed33fa75130ca1ee6c8a01d1ffb62bac859dfdfb3450e3e5d1c0146529" "/opt/rustwide/cargo-home/bin/cargo" "+72f88fc4e9458f89516a0b8b0868f3718aec5b47" "metadata" "--no-deps" "--format-version=1", kill_on_drop: false }`
[INFO] [stdout] 006b731ae33be68a42362c22104e90e2e121c586db76c42f70164c492f3d7a7d
[INFO] [stderr] WARNING: Your kernel does not support swap limit capabilities or the cgroup is not mounted. Memory limited without swap.
[INFO] running `Command { std: "docker" "start" "-a" "006b731ae33be68a42362c22104e90e2e121c586db76c42f70164c492f3d7a7d", kill_on_drop: false }`
[INFO] running `Command { std: "docker" "inspect" "006b731ae33be68a42362c22104e90e2e121c586db76c42f70164c492f3d7a7d", kill_on_drop: false }`
[INFO] running `Command { std: "docker" "rm" "-f" "006b731ae33be68a42362c22104e90e2e121c586db76c42f70164c492f3d7a7d", kill_on_drop: false }`
[INFO] [stdout] 006b731ae33be68a42362c22104e90e2e121c586db76c42f70164c492f3d7a7d
[INFO] running `Command { std: "docker" "create" "-v" "/var/lib/crater-agent-workspace/builds/worker-12/target:/opt/rustwide/target:rw,Z" "-v" "/var/lib/crater-agent-workspace/builds/worker-12/source:/opt/rustwide/workdir:ro,Z" "-v" "/var/lib/crater-agent-workspace/cargo-home:/opt/rustwide/cargo-home:ro,Z" "-v" "/var/lib/crater-agent-workspace/rustup-home:/opt/rustwide/rustup-home:ro,Z" "-e" "SOURCE_DIR=/opt/rustwide/workdir" "-e" "CARGO_TARGET_DIR=/opt/rustwide/target" "-e" "CARGO_INCREMENTAL=0" "-e" "RUST_BACKTRACE=full" "-e" "RUSTFLAGS=--cap-lints=forbid" "-e" "CARGO_HOME=/opt/rustwide/cargo-home" "-e" "RUSTUP_HOME=/opt/rustwide/rustup-home" "-w" "/opt/rustwide/workdir" "-m" "1610612736" "--user" "0:0" "--network" "none" "rustops/crates-build-env@sha256:d92eaeed33fa75130ca1ee6c8a01d1ffb62bac859dfdfb3450e3e5d1c0146529" "/opt/rustwide/cargo-home/bin/cargo" "+72f88fc4e9458f89516a0b8b0868f3718aec5b47" "check" "--frozen" "--all" "--all-targets" "--message-format=json", kill_on_drop: false }`
[INFO] [stdout] 1e25ea8282a1aa47add227089970cdd73152b084eb01d10c0177c3b57e5f2ed8
[INFO] [stderr] WARNING: Your kernel does not support swap limit capabilities or the cgroup is not mounted. Memory limited without swap.
[INFO] running `Command { std: "docker" "start" "-a" "1e25ea8282a1aa47add227089970cdd73152b084eb01d10c0177c3b57e5f2ed8", kill_on_drop: false }`
[INFO] [stderr]    Compiling libc v0.2.66
[INFO] [stderr]     Checking cfg-if v0.1.10
[INFO] [stderr]    Compiling log v0.4.8
[INFO] [stderr]    Compiling semver-parser v0.7.0
[INFO] [stderr]    Compiling cc v1.0.48
[INFO] [stderr]     Checking futures v0.1.29
[INFO] [stderr]     Checking lazy_static v1.4.0
[INFO] [stderr]    Compiling unicode-xid v0.2.0
[INFO] [stderr]    Compiling maybe-uninit v2.0.0
[INFO] [stderr]     Checking scopeguard v1.0.0
[INFO] [stderr]     Checking slab v0.4.2
[INFO] [stderr]     Checking opaque-debug v0.2.3
[INFO] [stderr]     Checking byte-tools v0.3.1
[INFO] [stderr]    Compiling getrandom v0.1.13
[INFO] [stderr]     Checking fnv v1.0.6
[INFO] [stderr]     Checking untrusted v0.7.0
[INFO] [stderr]     Checking spin v0.5.2
[INFO] [stderr]     Checking fake-simd v0.1.2
[INFO] [stderr]     Checking ppv-lite86 v0.2.6
[INFO] [stderr]     Checking smallvec v1.0.0
[INFO] [stderr]    Compiling serde v1.0.103
[INFO] [stderr]     Checking arrayref v0.3.5
[INFO] [stderr]    Compiling failure_derive v0.1.6
[INFO] [stderr]     Checking percent-encoding v2.1.0
[INFO] [stderr]     Checking rustc-demangle v0.1.16
[INFO] [stderr]    Compiling protobuf v2.8.1
[INFO] [stderr]     Checking bs58 v0.3.0
[INFO] [stderr]     Checking void v1.0.2
[INFO] [stderr]    Compiling wasm-bindgen-shared v0.2.55
[INFO] [stderr]    Compiling pkg-config v0.3.17
[INFO] [stderr]    Compiling rand_core v0.4.2
[INFO] [stderr]    Compiling crc32fast v1.2.0
[INFO] [stderr]     Checking adler32 v1.0.4
[INFO] [stderr]    Compiling subtle v2.2.2
[INFO] [stderr]    Compiling wasm-bindgen v0.2.55
[INFO] [stderr]    Compiling httparse v1.3.4
[INFO] [stderr]    Compiling crunchy v0.2.2
[INFO] [stderr]    Compiling ryu v1.0.2
[INFO] [stderr]     Checking nohash-hasher v0.1.2
[INFO] [stderr]     Checking rustc-hex v2.0.1
[INFO] [stderr]     Checking sha1 v0.6.0
[INFO] [stderr]     Checking parity-send-wrapper v0.1.0
[INFO] [stderr]     Checking either v1.5.3
[INFO] [stderr]     Checking ipnet v2.1.0
[INFO] [stderr]    Compiling rand_chacha v0.1.1
[INFO] [stderr]    Compiling rand_pcg v0.1.2
[INFO] [stderr]    Compiling rand v0.6.5
[INFO] [stderr]     Checking rand_core v0.3.1
[INFO] [stderr]     Checking rand_jitter v0.1.4
[INFO] [stderr]     Checking lock_api v0.3.2
[INFO] [stderr]     Checking lock_api v0.2.0
[INFO] [stderr]     Checking block-padding v0.1.5
[INFO] [stderr]     Checking crossbeam-utils v0.6.6
[INFO] [stderr]    Compiling semver v0.9.0
[INFO] [stderr]     Checking unicode-normalization v0.1.11
[INFO] [stderr]     Checking miniz_oxide v0.3.5
[INFO] [stderr]    Compiling byteorder v1.3.2
[INFO] [stderr]    Compiling proc-macro2 v1.0.6
[INFO] [stderr]    Compiling typenum v1.11.2
[INFO] [stderr]     Checking c2-chacha v0.2.3
[INFO] [stderr]     Checking rand_xorshift v0.1.1
[INFO] [stderr]     Checking rand_hc v0.1.0
[INFO] [stderr]     Checking rand_isaac v0.1.1
[INFO] [stderr]    Compiling proc-macro2 v0.4.30
[INFO] [stderr]     Checking base64 v0.10.1
[INFO] [stderr]     Checking dns-parser v0.8.0
[INFO] [stderr]     Checking crossbeam-utils v0.7.0
[INFO] [stderr]     Checking crossbeam-queue v0.1.2
[INFO] [stderr]    Compiling rustc_version v0.2.3
[INFO] [stderr]     Checking smallvec v0.6.13
[INFO] [stderr]     Checking tokio-executor v0.1.9
[INFO] [stderr]     Checking tokio-sync v0.1.7
[INFO] [stderr]     Checking digest v0.8.1
[INFO] [stderr]     Checking block-buffer v0.7.3
[INFO] [stderr]     Checking crypto-mac v0.7.0
[INFO] [stderr]     Checking block-cipher-trait v0.6.2
[INFO] [stderr]     Checking stream-cipher v0.3.2
[INFO] [stderr]    Compiling quote v1.0.2
[INFO] [stderr]     Checking uint v0.8.2
[INFO] [stderr]    Compiling quote v0.6.13
[INFO] [stderr]    Compiling generic-array v0.12.3
[INFO] [stderr]     Checking tokio-timer v0.2.12
[INFO] [stderr]     Checking tokio-current-thread v0.1.6
[INFO] [stderr]     Checking idna v0.2.0
[INFO] [stderr]     Checking hmac v0.7.1
[INFO] [stderr]     Checking blake2 v0.8.1
[INFO] [stderr]     Checking sha2 v0.8.0
[INFO] [stderr]     Checking sha-1 v0.8.1
[INFO] [stderr]     Checking sha3 v0.8.2
[INFO] [stderr]     Checking aes-soft v0.3.3
[INFO] [stderr]     Checking twofish v0.2.0
[INFO] [stderr]     Checking iovec v0.1.4
[INFO] [stderr]     Checking rand_os v0.1.3
[INFO] [stderr]     Checking num_cpus v1.11.1
[INFO] [stderr]     Checking net2 v0.2.33
[INFO] [stderr]     Checking rand v0.4.6
[INFO] [stderr]     Checking get_if_addrs v0.5.3
[INFO] [stderr]     Checking ctr v0.3.2
[INFO] [stderr]    Compiling syn v1.0.11
[INFO] [stderr]    Compiling ring v0.16.9
[INFO] [stderr]    Compiling clear_on_drop v0.2.3
[INFO] [stderr]    Compiling backtrace-sys v0.1.32
[INFO] [stderr]    Compiling libz-sys v1.0.25
[INFO] [stderr]    Compiling syn v0.15.44
[INFO] [stderr]     Checking hmac-drbg v0.2.0
[INFO] [stderr]    Compiling parking_lot_core v0.6.2
[INFO] [stderr]    Compiling parking_lot v0.9.0
[INFO] [stderr]    Compiling memoffset v0.5.3
[INFO] [stderr]    Compiling parking_lot_core v0.5.0
[INFO] [stderr]    Compiling snow v0.6.2
[INFO] [stderr]    Compiling parking_lot v0.8.0
[INFO] [stderr]     Checking wasm-timer v0.1.3
[INFO] [stderr]     Checking bytes v0.4.12
[INFO] [stderr]     Checking futures-cpupool v0.1.8
[INFO] [stderr]     Checking aes-ctr v0.3.0
[INFO] [stderr]     Checking url v2.1.0
[INFO] [stderr]     Checking rand_core v0.5.1
[INFO] [stderr]     Checking mio v0.6.21
[INFO] [stderr]     Checking rand v0.3.23
[INFO] [stderr]     Checking tokio-io v0.1.12
[INFO] [stderr]     Checking http v0.1.21
[INFO] [stderr]     Checking crossbeam-epoch v0.8.0
[INFO] [stderr]     Checking cuckoofilter v0.3.2
[INFO] [stderr]     Checking rand_chacha v0.2.1
[INFO] [stderr]     Checking curve25519-dalek v2.0.0
[INFO] [stderr]    Compiling curve25519-dalek v1.2.3
[INFO] [stderr]     Checking rand v0.7.2
[INFO] [stderr]     Checking backtrace v0.3.40
[INFO] [stderr]     Checking crossbeam-deque v0.7.2
[INFO] [stderr]     Checking tokio-codec v0.1.1
[INFO] [stderr]     Checking rw-stream-sink v0.1.2
[INFO] [stderr]     Checking flate2 v1.0.13
[INFO] [stderr]     Checking unsigned-varint v0.2.3
[INFO] [stderr]     Checking tokio-threadpool v0.1.17
[INFO] [stderr]     Checking libsecp256k1 v0.3.2
[INFO] [stderr]     Checking yamux v0.2.2
[INFO] [stderr]     Checking tokio-reactor v0.1.11
[INFO] [stderr]     Checking mio-uds v0.6.7
[INFO] [stderr]     Checking parity-multihash v0.2.0
[INFO] [stderr]     Checking multistream-select v0.6.1
[INFO] [stderr]     Checking ed25519-dalek v1.0.0-pre.3
[INFO] [stderr]     Checking tokio-uds v0.2.5
[INFO] [stderr]     Checking tokio-udp v0.1.5
[INFO] [stderr]     Checking tokio-tcp v0.1.3
[INFO] [stderr]     Checking tokio-fs v0.1.6
[INFO] [stderr]    Compiling libp2p-core-derive v0.13.0
[INFO] [stderr]     Checking tokio v0.1.22
[INFO] [stderr]     Checking soketto v0.2.3
[INFO] [stderr]     Checking x25519-dalek v0.5.2
[INFO] [stderr]     Checking tokio-dns-unofficial v0.4.0
[INFO] [stderr]     Checking webpki v0.21.0
[INFO] [stderr]     Checking sct v0.6.0
[INFO] [stderr]     Checking rustls v0.16.0
[INFO] [stderr]     Checking webpki-roots v0.18.0
[INFO] [stderr]    Compiling synstructure v0.12.3
[INFO] [stderr]    Compiling wasm-bindgen-backend v0.2.55
[INFO] [stderr]     Checking tokio-rustls v0.10.2
[INFO] [stderr]    Compiling serde_derive v1.0.103
[INFO] [stderr]    Compiling asn1_der_derive v0.1.2
[INFO] [stderr]    Compiling wasm-bindgen-macro-support v0.2.55
[INFO] [stderr]     Checking asn1_der v0.6.3
[INFO] [stderr]     Checking failure v0.1.6
[INFO] [stderr]    Compiling wasm-bindgen-macro v0.2.55
[INFO] [stderr]     Checking js-sys v0.3.32
[INFO] [stdout] error: return value of constructor must be a bare path
[INFO] [stdout]     --> /opt/rustwide/cargo-home/registry/src/github.com-1ecc6299db9ec823/js-sys-0.3.32/src/lib.rs:4667:13
[INFO] [stdout]      |
[INFO] [stdout] 4667 | /             /// The
[INFO] [stdout] 4668 | |             #[doc = $ctor]
[INFO] [stdout] 4669 | |             /// constructor creates an array of unsigned 8-bit integers.
[INFO] [stdout] 4670 | |             ///
[INFO] [stdout] ...    |
[INFO] [stdout] 4674 | |             #[wasm_bindgen(constructor)]
[INFO] [stdout] 4675 | |             pub fn new(constructor_arg: &JsValue) -> $name;
[INFO] [stdout]      | |___________________________________________________________^
[INFO] [stdout] ...
[INFO] [stdout] 4862 | / arrays! {
[INFO] [stdout] 4863 | |     /// `Int8Array()`
[INFO] [stdout] 4864 | |     /// https://developer.mozilla.org/en-US/docs/Web/JavaScript/Reference/Global_Objects/Int8Array
[INFO] [stdout] 4865 | |     Int8Array: i8,
[INFO] [stdout] ...    |
[INFO] [stdout] 4897 | |     Float64Array: f64,
[INFO] [stdout] 4898 | | }
[INFO] [stdout]      | |_- in this macro invocation
[INFO] [stdout]      |
[INFO] [stdout]      = note: this error originates in a macro (in Nightly builds, run with -Z macro-backtrace for more info)
[INFO] [stdout] 
[INFO] [stdout] 
[INFO] [stdout] error: return value of constructor must be a bare path
[INFO] [stdout]     --> /opt/rustwide/cargo-home/registry/src/github.com-1ecc6299db9ec823/js-sys-0.3.32/src/lib.rs:4677:13
[INFO] [stdout]      |
[INFO] [stdout] 4677 | /             /// An
[INFO] [stdout] 4678 | |             #[doc = $ctor]
[INFO] [stdout] 4679 | |             /// which creates an array with an internal buffer large
[INFO] [stdout] 4680 | |             /// enough for `length` elements.
[INFO] [stdout] ...    |
[INFO] [stdout] 4685 | |             #[wasm_bindgen(constructor)]
[INFO] [stdout] 4686 | |             pub fn new_with_length(length: u32) -> $name;
[INFO] [stdout]      | |_________________________________________________________^
[INFO] [stdout] ...
[INFO] [stdout] 4862 | / arrays! {
[INFO] [stdout] 4863 | |     /// `Int8Array()`
[INFO] [stdout] 4864 | |     /// https://developer.mozilla.org/en-US/docs/Web/JavaScript/Reference/Global_Objects/Int8Array
[INFO] [stdout] 4865 | |     Int8Array: i8,
[INFO] [stdout] ...    |
[INFO] [stdout] 4897 | |     Float64Array: f64,
[INFO] [stdout] 4898 | | }
[INFO] [stdout]      | |_- in this macro invocation
[INFO] [stdout]      |
[INFO] [stdout]      = note: this error originates in a macro (in Nightly builds, run with -Z macro-backtrace for more info)
[INFO] [stdout] 
[INFO] [stdout] 
[INFO] [stdout] error: return value of constructor must be a bare path
[INFO] [stdout]     --> /opt/rustwide/cargo-home/registry/src/github.com-1ecc6299db9ec823/js-sys-0.3.32/src/lib.rs:4688:13
[INFO] [stdout]      |
[INFO] [stdout] 4688 | /             /// An
[INFO] [stdout] 4689 | |             #[doc = $ctor]
[INFO] [stdout] 4690 | |             /// which creates an array with the given buffer but is a
[INFO] [stdout] 4691 | |             /// view starting at `byte_offset`.
[INFO] [stdout] ...    |
[INFO] [stdout] 4696 | |             #[wasm_bindgen(constructor)]
[INFO] [stdout] 4697 | |             pub fn new_with_byte_offset(buffer: &JsValue, byte_offset: u32) -> $name;
[INFO] [stdout]      | |_____________________________________________________________________________________^
[INFO] [stdout] ...
[INFO] [stdout] 4862 | / arrays! {
[INFO] [stdout] 4863 | |     /// `Int8Array()`
[INFO] [stdout] 4864 | |     /// https://developer.mozilla.org/en-US/docs/Web/JavaScript/Reference/Global_Objects/Int8Array
[INFO] [stdout] 4865 | |     Int8Array: i8,
[INFO] [stdout] ...    |
[INFO] [stdout] 4897 | |     Float64Array: f64,
[INFO] [stdout] 4898 | | }
[INFO] [stdout]      | |_- in this macro invocation
[INFO] [stdout]      |
[INFO] [stdout]      = note: this error originates in a macro (in Nightly builds, run with -Z macro-backtrace for more info)
[INFO] [stdout] 
[INFO] [stdout] 
[INFO] [stdout] error: return value of constructor must be a bare path
[INFO] [stdout]     --> /opt/rustwide/cargo-home/registry/src/github.com-1ecc6299db9ec823/js-sys-0.3.32/src/lib.rs:4699:13
[INFO] [stdout]      |
[INFO] [stdout] 4699 | /             /// An
[INFO] [stdout] 4700 | |             #[doc = $ctor]
[INFO] [stdout] 4701 | |             /// which creates an array with the given buffer but is a
[INFO] [stdout] 4702 | |             /// view starting at `byte_offset` for `length` elements.
[INFO] [stdout] ...    |
[INFO] [stdout] 4711 | |                 length: u32,
[INFO] [stdout] 4712 | |             ) -> $name;
[INFO] [stdout]      | |_______________________^
[INFO] [stdout] ...
[INFO] [stdout] 4862 | / arrays! {
[INFO] [stdout] 4863 | |     /// `Int8Array()`
[INFO] [stdout] 4864 | |     /// https://developer.mozilla.org/en-US/docs/Web/JavaScript/Reference/Global_Objects/Int8Array
[INFO] [stdout] 4865 | |     Int8Array: i8,
[INFO] [stdout] ...    |
[INFO] [stdout] 4897 | |     Float64Array: f64,
[INFO] [stdout] 4898 | | }
[INFO] [stdout]      | |_- in this macro invocation
[INFO] [stdout]      |
[INFO] [stdout]      = note: this error originates in a macro (in Nightly builds, run with -Z macro-backtrace for more info)
[INFO] [stdout] 
[INFO] [stdout] 
[INFO] [stdout] error: first argument of method must be a path
[INFO] [stdout]     --> /opt/rustwide/cargo-home/registry/src/github.com-1ecc6299db9ec823/js-sys-0.3.32/src/lib.rs:4719:32
[INFO] [stdout]      |
[INFO] [stdout] 4719 |               pub fn fill(this: &$name, value: $ty, start: u32, end: u32) -> $name;
[INFO] [stdout]      |                                  ^^^^^
[INFO] [stdout] ...
[INFO] [stdout] 4862 | / arrays! {
[INFO] [stdout] 4863 | |     /// `Int8Array()`
[INFO] [stdout] 4864 | |     /// https://developer.mozilla.org/en-US/docs/Web/JavaScript/Reference/Global_Objects/Int8Array
[INFO] [stdout] 4865 | |     Int8Array: i8,
[INFO] [stdout] ...    |
[INFO] [stdout] 4897 | |     Float64Array: f64,
[INFO] [stdout] 4898 | | }
[INFO] [stdout]      | |_- in this macro invocation
[INFO] [stdout]      |
[INFO] [stdout]      = note: this error originates in a macro (in Nightly builds, run with -Z macro-backtrace for more info)
[INFO] [stdout] 
[INFO] [stdout] 
[INFO] [stdout] error: first argument of method must be a path
[INFO] [stdout]     --> /opt/rustwide/cargo-home/registry/src/github.com-1ecc6299db9ec823/js-sys-0.3.32/src/lib.rs:4724:34
[INFO] [stdout]      |
[INFO] [stdout] 4724 |               pub fn buffer(this: &$name) -> ArrayBuffer;
[INFO] [stdout]      |                                    ^^^^^
[INFO] [stdout] ...
[INFO] [stdout] 4862 | / arrays! {
[INFO] [stdout] 4863 | |     /// `Int8Array()`
[INFO] [stdout] 4864 | |     /// https://developer.mozilla.org/en-US/docs/Web/JavaScript/Reference/Global_Objects/Int8Array
[INFO] [stdout] 4865 | |     Int8Array: i8,
[INFO] [stdout] ...    |
[INFO] [stdout] 4897 | |     Float64Array: f64,
[INFO] [stdout] 4898 | | }
[INFO] [stdout]      | |_- in this macro invocation
[INFO] [stdout]      |
[INFO] [stdout]      = note: this error originates in a macro (in Nightly builds, run with -Z macro-backtrace for more info)
[INFO] [stdout] 
[INFO] [stdout] 
[INFO] [stdout] error: first argument of method must be a path
[INFO] [stdout]     --> /opt/rustwide/cargo-home/registry/src/github.com-1ecc6299db9ec823/js-sys-0.3.32/src/lib.rs:4729:36
[INFO] [stdout]      |
[INFO] [stdout] 4729 |               pub fn subarray(this: &$name, begin: u32, end: u32) -> $name;
[INFO] [stdout]      |                                      ^^^^^
[INFO] [stdout] ...
[INFO] [stdout] 4862 | / arrays! {
[INFO] [stdout] 4863 | |     /// `Int8Array()`
[INFO] [stdout] 4864 | |     /// https://developer.mozilla.org/en-US/docs/Web/JavaScript/Reference/Global_Objects/Int8Array
[INFO] [stdout] 4865 | |     Int8Array: i8,
[INFO] [stdout] ...    |
[INFO] [stdout] 4897 | |     Float64Array: f64,
[INFO] [stdout] 4898 | | }
[INFO] [stdout]      | |_- in this macro invocation
[INFO] [stdout]      |
[INFO] [stdout]      = note: this error originates in a macro (in Nightly builds, run with -Z macro-backtrace for more info)
[INFO] [stdout] 
[INFO] [stdout] 
[INFO] [stdout] error: first argument of method must be a path
[INFO] [stdout]     --> /opt/rustwide/cargo-home/registry/src/github.com-1ecc6299db9ec823/js-sys-0.3.32/src/lib.rs:4735:33
[INFO] [stdout]      |
[INFO] [stdout] 4735 |               pub fn slice(this: &$name, begin: u32, end: u32) -> $name;
[INFO] [stdout]      |                                   ^^^^^
[INFO] [stdout] ...
[INFO] [stdout] 4862 | / arrays! {
[INFO] [stdout] 4863 | |     /// `Int8Array()`
[INFO] [stdout] 4864 | |     /// https://developer.mozilla.org/en-US/docs/Web/JavaScript/Reference/Global_Objects/Int8Array
[INFO] [stdout] 4865 | |     Int8Array: i8,
[INFO] [stdout] ...    |
[INFO] [stdout] 4897 | |     Float64Array: f64,
[INFO] [stdout] 4898 | | }
[INFO] [stdout]      | |_- in this macro invocation
[INFO] [stdout]      |
[INFO] [stdout]      = note: this error originates in a macro (in Nightly builds, run with -Z macro-backtrace for more info)
[INFO] [stdout] 
[INFO] [stdout] 
[INFO] [stdout] error: first argument of method must be a path
[INFO] [stdout]     --> /opt/rustwide/cargo-home/registry/src/github.com-1ecc6299db9ec823/js-sys-0.3.32/src/lib.rs:4742:36
[INFO] [stdout]      |
[INFO] [stdout] 4742 |               pub fn for_each(this: &$name, callback: &mut dyn FnMut($ty, u32, $name));
[INFO] [stdout]      |                                      ^^^^^
[INFO] [stdout] ...
[INFO] [stdout] 4862 | / arrays! {
[INFO] [stdout] 4863 | |     /// `Int8Array()`
[INFO] [stdout] 4864 | |     /// https://developer.mozilla.org/en-US/docs/Web/JavaScript/Reference/Global_Objects/Int8Array
[INFO] [stdout] 4865 | |     Int8Array: i8,
[INFO] [stdout] ...    |
[INFO] [stdout] 4897 | |     Float64Array: f64,
[INFO] [stdout] 4898 | | }
[INFO] [stdout]      | |_- in this macro invocation
[INFO] [stdout]      |
[INFO] [stdout]      = note: this error originates in a macro (in Nightly builds, run with -Z macro-backtrace for more info)
[INFO] [stdout] 
[INFO] [stdout] 
[INFO] [stdout] error: first argument of method must be a path
[INFO] [stdout]     --> /opt/rustwide/cargo-home/registry/src/github.com-1ecc6299db9ec823/js-sys-0.3.32/src/lib.rs:4747:34
[INFO] [stdout]      |
[INFO] [stdout] 4747 |               pub fn length(this: &$name) -> u32;
[INFO] [stdout]      |                                    ^^^^^
[INFO] [stdout] ...
[INFO] [stdout] 4862 | / arrays! {
[INFO] [stdout] 4863 | |     /// `Int8Array()`
[INFO] [stdout] 4864 | |     /// https://developer.mozilla.org/en-US/docs/Web/JavaScript/Reference/Global_Objects/Int8Array
[INFO] [stdout] 4865 | |     Int8Array: i8,
[INFO] [stdout] ...    |
[INFO] [stdout] 4897 | |     Float64Array: f64,
[INFO] [stdout] 4898 | | }
[INFO] [stdout]      | |_- in this macro invocation
[INFO] [stdout]      |
[INFO] [stdout]      = note: this error originates in a macro (in Nightly builds, run with -Z macro-backtrace for more info)
[INFO] [stdout] 
[INFO] [stdout] 
[INFO] [stdout] error: first argument of method must be a path
[INFO] [stdout]     --> /opt/rustwide/cargo-home/registry/src/github.com-1ecc6299db9ec823/js-sys-0.3.32/src/lib.rs:4752:39
[INFO] [stdout]      |
[INFO] [stdout] 4752 |               pub fn byte_length(this: &$name) -> u32;
[INFO] [stdout]      |                                         ^^^^^
[INFO] [stdout] ...
[INFO] [stdout] 4862 | / arrays! {
[INFO] [stdout] 4863 | |     /// `Int8Array()`
[INFO] [stdout] 4864 | |     /// https://developer.mozilla.org/en-US/docs/Web/JavaScript/Reference/Global_Objects/Int8Array
[INFO] [stdout] 4865 | |     Int8Array: i8,
[INFO] [stdout] ...    |
[INFO] [stdout] 4897 | |     Float64Array: f64,
[INFO] [stdout] 4898 | | }
[INFO] [stdout]      | |_- in this macro invocation
[INFO] [stdout]      |
[INFO] [stdout]      = note: this error originates in a macro (in Nightly builds, run with -Z macro-backtrace for more info)
[INFO] [stdout] 
[INFO] [stdout] 
[INFO] [stdout] error: first argument of method must be a path
[INFO] [stdout]     --> /opt/rustwide/cargo-home/registry/src/github.com-1ecc6299db9ec823/js-sys-0.3.32/src/lib.rs:4757:39
[INFO] [stdout]      |
[INFO] [stdout] 4757 |               pub fn byte_offset(this: &$name) -> u32;
[INFO] [stdout]      |                                         ^^^^^
[INFO] [stdout] ...
[INFO] [stdout] 4862 | / arrays! {
[INFO] [stdout] 4863 | |     /// `Int8Array()`
[INFO] [stdout] 4864 | |     /// https://developer.mozilla.org/en-US/docs/Web/JavaScript/Reference/Global_Objects/Int8Array
[INFO] [stdout] 4865 | |     Int8Array: i8,
[INFO] [stdout] ...    |
[INFO] [stdout] 4897 | |     Float64Array: f64,
[INFO] [stdout] 4898 | | }
[INFO] [stdout]      | |_- in this macro invocation
[INFO] [stdout]      |
[INFO] [stdout]      = note: this error originates in a macro (in Nightly builds, run with -Z macro-backtrace for more info)
[INFO] [stdout] 
[INFO] [stdout] 
[INFO] [stdout] error: first argument of method must be a path
[INFO] [stdout]     --> /opt/rustwide/cargo-home/registry/src/github.com-1ecc6299db9ec823/js-sys-0.3.32/src/lib.rs:4762:31
[INFO] [stdout]      |
[INFO] [stdout] 4762 |               pub fn set(this: &$name, src: &JsValue, offset: u32);
[INFO] [stdout]      |                                 ^^^^^
[INFO] [stdout] ...
[INFO] [stdout] 4862 | / arrays! {
[INFO] [stdout] 4863 | |     /// `Int8Array()`
[INFO] [stdout] 4864 | |     /// https://developer.mozilla.org/en-US/docs/Web/JavaScript/Reference/Global_Objects/Int8Array
[INFO] [stdout] 4865 | |     Int8Array: i8,
[INFO] [stdout] ...    |
[INFO] [stdout] 4897 | |     Float64Array: f64,
[INFO] [stdout] 4898 | | }
[INFO] [stdout]      | |_- in this macro invocation
[INFO] [stdout]      |
[INFO] [stdout]      = note: this error originates in a macro (in Nightly builds, run with -Z macro-backtrace for more info)
[INFO] [stdout] 
[INFO] [stdout] 
[INFO] [stdout] error[E0433]: failed to resolve: use of undeclared type or module `Int8Array`
[INFO] [stdout]     --> /opt/rustwide/cargo-home/registry/src/github.com-1ecc6299db9ec823/js-sys-0.3.32/src/lib.rs:4865:5
[INFO] [stdout]      |
[INFO] [stdout] 4865 |     Int8Array: i8,
[INFO] [stdout]      |     ^^^^^^^^^ use of undeclared type or module `Int8Array`
[INFO] [stdout] 
[INFO] [stdout] 
[INFO] [stdout] error[E0433]: failed to resolve: use of undeclared type or module `Int16Array`
[INFO] [stdout]     --> /opt/rustwide/cargo-home/registry/src/github.com-1ecc6299db9ec823/js-sys-0.3.32/src/lib.rs:4869:5
[INFO] [stdout]      |
[INFO] [stdout] 4869 |     Int16Array: i16,
[INFO] [stdout]      |     ^^^^^^^^^^ use of undeclared type or module `Int16Array`
[INFO] [stdout] 
[INFO] [stdout] 
[INFO] [stdout] error[E0433]: failed to resolve: use of undeclared type or module `Int32Array`
[INFO] [stdout]     --> /opt/rustwide/cargo-home/registry/src/github.com-1ecc6299db9ec823/js-sys-0.3.32/src/lib.rs:4873:5
[INFO] [stdout]      |
[INFO] [stdout] 4873 |     Int32Array: i32,
[INFO] [stdout]      |     ^^^^^^^^^^ use of undeclared type or module `Int32Array`
[INFO] [stdout] 
[INFO] [stdout] 
[INFO] [stdout] error[E0433]: failed to resolve: use of undeclared type or module `Uint8Array`
[INFO] [stdout]     --> /opt/rustwide/cargo-home/registry/src/github.com-1ecc6299db9ec823/js-sys-0.3.32/src/lib.rs:4877:5
[INFO] [stdout]      |
[INFO] [stdout] 4877 |     Uint8Array: u8,
[INFO] [stdout]      |     ^^^^^^^^^^ use of undeclared type or module `Uint8Array`
[INFO] [stdout] 
[INFO] [stdout] 
[INFO] [stdout] error[E0433]: failed to resolve: use of undeclared type or module `Uint8ClampedArray`
[INFO] [stdout]     --> /opt/rustwide/cargo-home/registry/src/github.com-1ecc6299db9ec823/js-sys-0.3.32/src/lib.rs:4881:5
[INFO] [stdout]      |
[INFO] [stdout] 4881 |     Uint8ClampedArray: u8,
[INFO] [stdout]      |     ^^^^^^^^^^^^^^^^^ use of undeclared type or module `Uint8ClampedArray`
[INFO] [stdout] 
[INFO] [stdout] 
[INFO] [stdout] error[E0433]: failed to resolve: use of undeclared type or module `Uint16Array`
[INFO] [stdout]     --> /opt/rustwide/cargo-home/registry/src/github.com-1ecc6299db9ec823/js-sys-0.3.32/src/lib.rs:4885:5
[INFO] [stdout]      |
[INFO] [stdout] 4885 |     Uint16Array: u16,
[INFO] [stdout]      |     ^^^^^^^^^^^ use of undeclared type or module `Uint16Array`
[INFO] [stdout] 
[INFO] [stdout] 
[INFO] [stdout] error[E0433]: failed to resolve: use of undeclared type or module `Uint32Array`
[INFO] [stdout]     --> /opt/rustwide/cargo-home/registry/src/github.com-1ecc6299db9ec823/js-sys-0.3.32/src/lib.rs:4889:5
[INFO] [stdout]      |
[INFO] [stdout] 4889 |     Uint32Array: u32,
[INFO] [stdout]      |     ^^^^^^^^^^^ use of undeclared type or module `Uint32Array`
[INFO] [stdout] 
[INFO] [stdout] 
[INFO] [stdout] error[E0433]: failed to resolve: use of undeclared type or module `Float32Array`
[INFO] [stdout]     --> /opt/rustwide/cargo-home/registry/src/github.com-1ecc6299db9ec823/js-sys-0.3.32/src/lib.rs:4893:5
[INFO] [stdout]      |
[INFO] [stdout] 4893 |     Float32Array: f32,
[INFO] [stdout]      |     ^^^^^^^^^^^^ use of undeclared type or module `Float32Array`
[INFO] [stdout] 
[INFO] [stdout] 
[INFO] [stdout] error[E0433]: failed to resolve: use of undeclared type or module `Float64Array`
[INFO] [stdout]     --> /opt/rustwide/cargo-home/registry/src/github.com-1ecc6299db9ec823/js-sys-0.3.32/src/lib.rs:4897:5
[INFO] [stdout]      |
[INFO] [stdout] 4897 |     Float64Array: f64,
[INFO] [stdout]      |     ^^^^^^^^^^^^ use of undeclared type or module `Float64Array`
[INFO] [stdout] 
[INFO] [stdout] 
[INFO] [stdout] error[E0412]: cannot find type `Int32Array` in this scope
[INFO] [stdout]    --> /opt/rustwide/cargo-home/registry/src/github.com-1ecc6299db9ec823/js-sys-0.3.32/src/lib.rs:644:37
[INFO] [stdout]     |
[INFO] [stdout] 644 |         pub fn notify(typed_array: &Int32Array, index: u32) -> Result<u32, JsValue>;
[INFO] [stdout]     |                                     ^^^^^^^^^^ not found in this scope
[INFO] [stdout] 
[INFO] [stdout] 
[INFO] [stdout] error[E0412]: cannot find type `Int32Array` in this scope
[INFO] [stdout]    --> /opt/rustwide/cargo-home/registry/src/github.com-1ecc6299db9ec823/js-sys-0.3.32/src/lib.rs:649:27
[INFO] [stdout]     |
[INFO] [stdout] 649 |             typed_array: &Int32Array,
[INFO] [stdout]     |                           ^^^^^^^^^^ not found in this scope
[INFO] [stdout] 
[INFO] [stdout] 
[INFO] [stdout] error[E0412]: cannot find type `Int32Array` in this scope
[INFO] [stdout]    --> /opt/rustwide/cargo-home/registry/src/github.com-1ecc6299db9ec823/js-sys-0.3.32/src/lib.rs:688:35
[INFO] [stdout]     |
[INFO] [stdout] 688 |         pub fn wait(typed_array: &Int32Array, index: u32, value: i32) -> Result<JsString, JsValue>;
[INFO] [stdout]     |                                   ^^^^^^^^^^ not found in this scope
[INFO] [stdout] 
[INFO] [stdout] 
[INFO] [stdout] error[E0412]: cannot find type `Int32Array` in this scope
[INFO] [stdout]    --> /opt/rustwide/cargo-home/registry/src/github.com-1ecc6299db9ec823/js-sys-0.3.32/src/lib.rs:695:27
[INFO] [stdout]     |
[INFO] [stdout] 695 |             typed_array: &Int32Array,
[INFO] [stdout]     |                           ^^^^^^^^^^ not found in this scope
[INFO] [stdout] 
[INFO] [stdout] 
[INFO] [stdout] error[E0412]: cannot find type `Int8Array` in this scope
[INFO] [stdout]     --> /opt/rustwide/cargo-home/registry/src/github.com-1ecc6299db9ec823/js-sys-0.3.32/src/lib.rs:4865:5
[INFO] [stdout]      |
[INFO] [stdout] 4865 |     Int8Array: i8,
[INFO] [stdout]      |     ^^^^^^^^^ not found in this scope
[INFO] [stdout] 
[INFO] [stdout] 
[INFO] [stdout] error[E0412]: cannot find type `Int16Array` in this scope
[INFO] [stdout]     --> /opt/rustwide/cargo-home/registry/src/github.com-1ecc6299db9ec823/js-sys-0.3.32/src/lib.rs:4869:5
[INFO] [stdout]      |
[INFO] [stdout] 4869 |     Int16Array: i16,
[INFO] [stdout]      |     ^^^^^^^^^^ not found in this scope
[INFO] [stdout] 
[INFO] [stdout] 
[INFO] [stdout] error[E0412]: cannot find type `Int32Array` in this scope
[INFO] [stdout]     --> /opt/rustwide/cargo-home/registry/src/github.com-1ecc6299db9ec823/js-sys-0.3.32/src/lib.rs:4873:5
[INFO] [stdout]      |
[INFO] [stdout] 4873 |     Int32Array: i32,
[INFO] [stdout]      |     ^^^^^^^^^^ not found in this scope
[INFO] [stdout] 
[INFO] [stdout] 
[INFO] [stdout] error[E0412]: cannot find type `Uint8Array` in this scope
[INFO] [stdout]     --> /opt/rustwide/cargo-home/registry/src/github.com-1ecc6299db9ec823/js-sys-0.3.32/src/lib.rs:4877:5
[INFO] [stdout]      |
[INFO] [stdout] 4877 |     Uint8Array: u8,
[INFO] [stdout]      |     ^^^^^^^^^^ not found in this scope
[INFO] [stdout] 
[INFO] [stdout] 
[INFO] [stdout] error[E0412]: cannot find type `Uint8ClampedArray` in this scope
[INFO] [stdout]     --> /opt/rustwide/cargo-home/registry/src/github.com-1ecc6299db9ec823/js-sys-0.3.32/src/lib.rs:4881:5
[INFO] [stdout]      |
[INFO] [stdout] 4881 |     Uint8ClampedArray: u8,
[INFO] [stdout]      |     ^^^^^^^^^^^^^^^^^ not found in this scope
[INFO] [stdout] 
[INFO] [stdout] 
[INFO] [stdout] error[E0412]: cannot find type `Uint16Array` in this scope
[INFO] [stdout]     --> /opt/rustwide/cargo-home/registry/src/github.com-1ecc6299db9ec823/js-sys-0.3.32/src/lib.rs:4885:5
[INFO] [stdout]      |
[INFO] [stdout] 4885 |     Uint16Array: u16,
[INFO] [stdout]      |     ^^^^^^^^^^^ not found in this scope
[INFO] [stdout] 
[INFO] [stdout] 
[INFO] [stdout] error[E0412]: cannot find type `Uint32Array` in this scope
[INFO] [stdout]     --> /opt/rustwide/cargo-home/registry/src/github.com-1ecc6299db9ec823/js-sys-0.3.32/src/lib.rs:4889:5
[INFO] [stdout]      |
[INFO] [stdout] 4889 |     Uint32Array: u32,
[INFO] [stdout]      |     ^^^^^^^^^^^ not found in this scope
[INFO] [stdout] 
[INFO] [stdout] 
[INFO] [stdout] error[E0412]: cannot find type `Float32Array` in this scope
[INFO] [stdout]     --> /opt/rustwide/cargo-home/registry/src/github.com-1ecc6299db9ec823/js-sys-0.3.32/src/lib.rs:4893:5
[INFO] [stdout]      |
[INFO] [stdout] 4893 |     Float32Array: f32,
[INFO] [stdout]      |     ^^^^^^^^^^^^ not found in this scope
[INFO] [stdout] 
[INFO] [stdout] 
[INFO] [stdout] error[E0412]: cannot find type `Float64Array` in this scope
[INFO] [stdout]     --> /opt/rustwide/cargo-home/registry/src/github.com-1ecc6299db9ec823/js-sys-0.3.32/src/lib.rs:4897:5
[INFO] [stdout]      |
[INFO] [stdout] 4897 |     Float64Array: f64,
[INFO] [stdout]      |     ^^^^^^^^^^^^ not found in this scope
[INFO] [stdout] 
[INFO] [stdout] 
[INFO] [stdout] error: aborting due to 35 previous errors
[INFO] [stdout] 
[INFO] [stdout] 
[INFO] [stdout] Some errors have detailed explanations: E0412, E0433.
[INFO] [stdout] 
[INFO] [stdout] For more information about an error, try `rustc --explain E0412`.
[INFO] [stdout] 
[INFO] [stderr] error: could not compile `js-sys`.
[INFO] [stderr] 
[INFO] [stderr] To learn more, run the command again with --verbose.
[INFO] [stderr] warning: build failed, waiting for other jobs to finish...
[INFO] [stderr] error: build failed
[INFO] running `Command { std: "docker" "inspect" "1e25ea8282a1aa47add227089970cdd73152b084eb01d10c0177c3b57e5f2ed8", kill_on_drop: false }`
[INFO] running `Command { std: "docker" "rm" "-f" "1e25ea8282a1aa47add227089970cdd73152b084eb01d10c0177c3b57e5f2ed8", kill_on_drop: false }`
[INFO] [stdout] 1e25ea8282a1aa47add227089970cdd73152b084eb01d10c0177c3b57e5f2ed8
